factor of 22499?
True
Is 97 a factor of 221?
False
Is 82 a factor of 7380?
True
Does 222 divide 23917?
False
Does 218 divide 25064?
False
Is 16 a factor of 736?
True
Is 23 a factor of 450?
False
Does 12 divide 672?
True
Is 19432 a multiple of 14?
True
Is 20178 a multiple of 18?
True
Is 21564 a multiple of 28?
False
Does 7 divide 5950?
True
Is 101 a multiple of 13?
False
Does 34 divide 7748?
False
Is 4318 a multiple of 32?
False
Is 31117 a multiple of 12?
False
Does 2 divide 581?
False
Does 11 divide 21359?
False
Does 18 divide 4092?
False
Does 2 divide 2?
True
Is 23420 a multiple of 9?
False
Does 200 divide 16200?
True
Is 7647 a multiple of 34?
False
Is 483 a multiple of 36?
False
Is 34 a factor of 1065?
False
Is 1921 a multiple of 17?
True
Is 11960 a multiple of 12?
False
Does 12 divide 952?
False
Is 884 a multiple of 26?
True
Is 12 a factor of 1571?
False
Is 72 a factor of 227?
False
Is 2472 a multiple of 12?
True
Does 10 divide 33729?
False
Is 1464 a multiple of 6?
True
Does 11 divide 7006?
False
Does 16 divide 1024?
True
Is 2875 a multiple of 25?
True
Is 9653 a multiple of 49?
True
Does 58 divide 120?
False
Is 15266 a multiple of 34?
True
Is 8 a factor of 526?
False
Does 11 divide 1903?
True
Is 32 a factor of 385?
False
Is 5472 a multiple of 38?
True
Is 164 a factor of 47023?
False
Is 155958 a multiple of 34?
True
Does 48 divide 622?
False
Is 13500 a multiple of 6?
True
Is 15966 a multiple of 3?
True
Does 81 divide 4022?
False
Does 3 divide 20211?
True
Does 13 divide 35558?
False
Does 6 divide 2574?
True
Does 25 divide 2750?
True
Is 142 a multiple of 10?
False
Is 1875 a multiple of 25?
True
Does 11 divide 35?
False
Is 11848 a multiple of 10?
False
Is 512 a multiple of 53?
False
Is 111 a multiple of 37?
True
Does 7 divide 420?
True
Is 12 a factor of 364?
False
Is 17 a factor of 33337?
True
Is 1254 a multiple of 33?
True
Does 4 divide 57?
False
Is 5 a factor of 3275?
True
Does 8 divide 42440?
True
Is 1197 a multiple of 46?
False
Is 13 a factor of 22217?
True
Is 70 a factor of 7420?
True
Is 4 a factor of 2240?
True
Does 6 divide 195?
False
Does 39 divide 156?
True
Does 29 divide 1007?
False
Is 58 a factor of 729?
False
Is 41 a factor of 2415?
False
Is 30 a factor of 2603?
False
Is 22 a factor of 91?
False
Is 45 a factor of 2354?
False
Is 32 a factor of 134761?
False
Is 30 a factor of 10500?
True
Is 3028 a multiple of 18?
False
Does 79 divide 1422?
True
Does 138 divide 115522?
False
Is 60 a factor of 1621?
False
Is 5 a factor of 1435?
True
Is 350 a multiple of 50?
True
Is 8 a factor of 304?
True
Does 14 divide 1541?
False
Does 8 divide 6308?
False
Is 7390 a multiple of 64?
False
Is 39 a factor of 486?
False
Does 15 divide 105?
True
Is 880 a multiple of 40?
True
Is 224 a multiple of 27?
False
Is 3358 a multiple of 46?
True
Is 80 a factor of 47613?
False
Is 79 a factor of 216?
False
Does 12 divide 3917?
False
Is 1264 a multiple of 158?
True
Does 8 divide 5816?
True
Is 36 a factor of 720?
True
Is 20 a factor of 377?
False
Is 1872 a multiple of 13?
True
Is 1911 a multiple of 39?
True
Does 8 divide 96?
True
Does 47 divide 2632?
True
Is 15347 a multiple of 103?
True
Is 22 a factor of 493?
False
Does 5 divide 165?
True
Is 1569 a multiple of 49?
False
Is 6111 a multiple of 14?
False
Is 44352 a multiple of 231?
True
Is 552 a multiple of 23?
True
Is 16 a factor of 75872?
True
Does 58 divide 174?
True
Is 62 a factor of 44726?
False
Does 24 divide 13200?
True
Is 4 a factor of 195?
False
Does 4 divide 86?
False
Does 14 divide 3374?
True
Is 31 a factor of 86352?
False
Is 53 a factor of 954?
True
Does 18 divide 936?
True
Is 129 a factor of 5420?
False
Is 17 a factor of 510?
True
Does 266 divide 6756?
False
Is 17 a factor of 1309?
True
Is 36 a factor of 40249?
False
Does 3 divide 374?
False
Does 14 divide 11210?
False
Is 183 a multiple of 148?
False
Is 50 a factor of 5276?
False
Is 105 a factor of 1995?
True
Is 6 a factor of 264?
True
Does 18 divide 516?
False
Is 280 a multiple of 40?
True
Is 17012 a multiple of 10?
False
Does 17 divide 1114?
False
Is 333 a multiple of 38?
False
Does 13 divide 2066?
False
Is 11 a factor of 97?
False
Is 2 a factor of 279?
False
Does 42 divide 4326?
True
Is 3 a factor of 792?
True
Does 112 divide 13440?
True
Does 16 divide 4697?
False
Does 23 divide 48?
False
Is 155 a multiple of 4?
False
Does 77 divide 2407?
False
Is 5 a factor of 2010?
True
Does 8 divide 464?
True
Is 816 a multiple of 51?
True
Is 217 a multiple of 3?
False
Does 12 divide 513?
False
Is 40 a factor of 240?
True
Is 1284 a multiple of 10?
False
Is 250 a multiple of 5?
True
Is 702 a multiple of 54?
True
Is 12 a factor of 4624?
False
Is 10 a factor of 22846?
False
Is 38 a factor of 646?
True
Is 8 a factor of 415?
False
Does 91 divide 80171?
True
Does 139 divide 18447?
False
Is 70 a factor of 28138?
False
Is 924 a multiple of 7?
True
Is 59 a factor of 33410?
False
Does 43 divide 237?
False
Is 14013 a multiple of 81?
True
Is 3808 a multiple of 99?
False
Is 11 a factor of 2885?
False
Is 1056 a multiple of 24?
True
Is 49 a factor of 1127?
True
Is 600 a multiple of 8?
True
Does 164 divide 21320?
True
Is 7065 a multiple of 15?
True
Does 6 divide 7519?
False
Does 22 divide 29117?
False
Is 26296 a multiple of 19?
True
Is 9430 a multiple of 13?
False
Does 23 divide 97?
False
Is 13 a factor of 975?
True
Does 2 divide 4975?
False
Is 1036 a multiple of 74?
True
Is 1712 a multiple of 61?
False
Is 3195 a multiple of 15?
True
Is 15 a multiple of 3?
True
Is 6 a factor of 2450?
False
Is 520 a multiple of 52?
True
Is 40560 a multiple of 130?
True
Does 6 divide 168?
True
Is 18 a factor of 43497?
False
Is 10 a factor of 1400?
True
Is 5 a factor of 6623?
False
Is 12 a factor of 228?
True
Is 215 a multiple of 11?
False
Does 134 divide 30954?
True
Does 2 divide 10472?
True
Is 7 a factor of 740?
False
Is 6 a factor of 153?
False
Is 10 a factor of 465?
False
Does 4 divide 728?
True
Does 21 divide 13722?
False
Does 18 divide 10159?
False
Is 8 a factor of 884?
False
Is 22 a factor of 7920?
True
Is 546 a multiple of 14?
True
Is 31 a factor of 25397?
False
Does 131 divide 41658?
True
Does 19 divide 1971?
False
Is 13 a factor of 44?
False
Does 85 divide 61115?
True
Is 11 a factor of 2057?
True
Is 2544 a multiple of 78?
False
Is 540 a multiple of 15?
True
Is 11414 a multiple of 14?
False
Is 8 a factor of 4286?
False
Is 23 a factor of 137?
False
Is 16 a factor of 1222?
False
Is 211 a multiple of 9?
False
Is 14 a factor of 377?
False
Is 14 a factor of 2152?
False
Is 2 a factor of 3818?
True
Does 64 divide 512?
True
Is 2272 a multiple of 53?
False
Is 23 a factor of 3240?
False
Is 18 a factor of 21618?
True
Does 30 divide 14700?
True
Does 19 divide 24529?
True
Is 840 a multiple of 60?
True
Does 69 divide 3036?
True
Does 4 divide 289?
False
Does 8 divide 48?
True
Is 558 a multiple of 71?
False
Does 42 divide 17262?
True
Is 17 a factor of 527?
True
Does 18 divide 4162?
False
Is 76 a multiple of 9?
False
Is 60 a factor of 29464?
False
Is 448 a multiple of 3?
False
Is 114 a factor of 4499?
False
Does 54 divide 432?
True
Is 45 a factor of 887?
False
Is 21 a factor of 4116?
True
Is 63347 a multiple of 107?
False
Does 73 divide 1898?
True
Is 6 a factor of 984?
True
Is 475 a multiple of 23?
False
Is 19 a factor of 12644?
False
Is 32802 a multiple of 118?
False
Does 19 divide 2178?
False
Is 113 a multiple of 8?
False
Is 1003 a multiple of 118?
False
Is 71 a factor of 18377?
False
Does 74 divide 449?
False
Is 344 a multiple of 43?
True
Does 11 divide 17512?
True
Does 11 divide 186694?
False
Does 15 divide 2216?
False
Is 1326 a multiple of 26?
True
Is 270 a factor of 58050?
True
Does 51 divide 742?
False
Does 39 divide 1794?
True
Is 51 a factor of 1122?
True
Is 11602 a multiple of 9?
False
Is 2112 a multiple of 8?
True
Does 15 divide 1160?
False
Is 13 a factor of 10088?
True
Does 63 divide 13246?
False
Is 29 a factor of 464?
True
Is 1422 a multiple of 18?
True
Is 141 a factor of 8270?
False
Does 21 divide 1921?
False
Does 46 divide 899?
False
Is 2772 a multiple of 80?
False
Is 10 a factor of 97?
False
Is 13140 a multiple of 90?
True
Is 71 a multiple of 2?
False
Does 10 divide 36621?
False
Does 64 divide 39690?
False
Is 9 a factor of 1277?
False
Is 7 a factor of 1813?
True
Does 12 divide 22666?
False
Is 11